(u) = 1 - 31*u + q*u + 16*u. Determine r(b).
4
Let j(p) = p. Suppose -5*i + 3 = -42. Suppose 4*k - 4*x + 12 = 0, 4*k = 5*x - i - 3. Calculate j(k).
-3
Let y(j) = j**3 + 2*j**2 - 5*j + 4. Let x be (-344)/(-602)*(-7)/(-2). Calculate y(x).
10
Let q(i) = -2*i**2 - i + 2. Suppose -3*f - 3*b + 8 = -7, 17 = 3*f + 5*b. Give q(f).
-34
Suppose 132*s = 129*s + 12. Let q(x) = -x**3 + 5*x**2 - 4*x + 4. Calculate q(s).
4
Let a(c) = -c**3 - 10*c**2 + 4*c - 2. Let g(d) = -2 - 9*d**2 - d**3 + 1 + 3*d + 0*d**3. Let r = 66 + -71. Let m(z) = r*a(z) + 6*g(z). What is m(-4)?
12
Let p(h) = h**2 + 2*h - 1. Suppose 4*b - 5 = 11. Suppose 2*z + 2*t = 0, -5*z - 2*t - t + 2 = 0. Suppose v + 3 = -b*q + 3*q, 2*v - 5*q = z. Determine p(v).
-1
Let q(c) be the third derivative of c**4/6 + 2*c**3/3 + 3*c**2 - 11*c. Let p be 4 + -4 - (-6)/(-2). What is q(p)?
-8
Let j(t) = t**3 + 6*t**2 + 2*t. Let p(q) = q**3 + 4*q**2 + 4*q + 10. Let r be p(-4). Determine j(r).
-12
Let r = 880 + -886. Let s(k) = -k**2 - 3*k - 3. What is s(r)?
-21
Let v(o) be the first derivative of 5*o**2 - 9 + 10*o - 3*o**2 - o**2. Determine v(-7).
-4
Let q(c) = c**2 + 9*c. Let d = 112 + -116. Determine q(d).
-20
Let d(m) = m**3 - m**2. Let i be (3 - (-2 - -5))/(5 + -6). Suppose 5*o = 77 - 17. Suppose 19 = -t - 5*g, 4*t = -i*t - 4*g - o. Give d(t).
0
Let k(z) = 3*z**3 + 15*z**2 + 2*z - 14. Let j(y) = -2*y**3 - 10*y**2 - y + 9. Let x(a) = 8*j(a) + 5*k(a). Calculate x(-5).
-8
Let i be -2 + (4 - 4) + -4. Let q be 8/10*((i - -5) + -4). Let c(l) = 0 + l**3 + 4*l - 1 + 6 + 6*l**2 - l**2. What is c(q)?
5
Let b(n) = 2 - 19*n**2 + 32*n**2 - 21*n**2. Give b(2).
-30
Let k be (-60)/25 + 3/(-5). Let y(p) = 2*p**3 + 3*p**2 - 2*p + 3. Give y(k).
-18
Let n(g) = 254 + g - 129 - 126. Give n(-7).
-8
Let c(d) = -2*d**2 - 19*d + 9. Suppose -7*k - 172 = -102. Determine c(k).
-1
Let r(d) be the first derivative of -d**2/2 - 5*d - 8. Give r(0).
-5
Let n(b) = 8*b**2 - 19*b**2 + 10*b**2 + 6*b + 1. Let t(o) = o**2 - o. Let q(a) = -n(a) - 2*t(a). Let k be ((-12)/(-10))/((-3)/15). Determine q(k).
-13
Let q(a) = a**2 - 4*a - 6. Let d be 2/9 + -2 + (-48)/(-27). Let i be 3 - (d - 0 - 2). Give q(i).
-1
Let m(l) = l + 6 + 2 - 8. Let r be m(3). Let g(x) = -2*x + r + 0 - 2 + 0. What is g(2)?
-3
Let a(g) be the second derivative of -5*g**4/3 + g**3/6 - g**2/2 - 35*g. Calculate a(1).
-20
Let z(a) = 2*a + 17. Suppose s + 28 = -4*o, 2*s + 0*o + 44 = -5*o. What is z(s)?
-7
Let y(q) be the second derivative of q**4/12 + q**3/2 - 4*q**2 - 5*q - 31. Determine y(-5).
2
Let n(a) be the first derivative of -a**3/3 - 11*a**2/2 - 12*a - 259. What is n(-7)?
16
Let w(g) = -g - 1. Let o(j) = j**3 + j. Let b be o(-2). Let x be 1799/(-6) + b/60. Let c be x/(-135) - 4/18. Give w(c).
-3
Let a(w) = -w + 1. Let p(u) = u**2 - 3*u - 2. Suppose b = -3*b + 12. Let s(t) = b*a(t) - p(t). Determine s(0).
5
Let w(z) = 8*z - 10 + 8 - 10*z**2 - z**3 + 2*z**3. Suppose -5*s = 0, -2*g - 27*s + 18 = -30*s. Give w(g).
-11
Let v(g) = 28*g - 50. Let o(z) = -39*z + 49. Let r(q) = 2*o(q) + 3*v(q). Calculate r(10).
8
Let c(j) = j - 1. Let v(o) = -1. Suppose 5*x + 5 = -0. Let d(u) = x*c(u) - 3*v(u). Let t = -542 + 547. Give d(t).
-1
Let v(h) = -15*h**2 + 4*h + 31*h**2 + 8 - 17*h**2 - 1. What is v(5)?
2
Let o be ((0/(-2))/1)/((-25)/(-25)). Let f(m) = -m**3 - m**2 + 24. Calculate f(o).
24
Suppose -1 = 4*l - 13. Let t be (-46)/l - 8/(-24). Let f = t - -13. Let k(s) = 3*s + 3. Determine k(f).
-3
Let u(q) = -3*q - 1. Let m(t) = -2*t + 17. Let g be m(7). Let p(x) = -2*x**3 + x**2 - x - 7. Let i be p(g). Let r be (-65)/i - (-4)/(-22). Calculate u(r).
-4
Let m(y) be the first derivative of -2 - 9*y - y**2 + 5*y + 5. Determine m(-8).
12
Suppose 0 = -136*z + 149*z. Let d(u) = 3 - 7 + u**2 - 12 - u**3. What is d(z)?
-16
Let h(w) = 2*w - 7. Let b(m) = 2*m**2 + 10*m - 4. Let l be b(-6). Suppose -k + l = 3*o - 2*o, 3*o + 1 = 2*k. Determine h(k).
3
Let s(d) = 22*d + 192. Let l be s(-9). Let b(i) = -2 - i - 4 + 1 + 3. Give b(l).
4
Let j(h) = -h**2 - 2*h + 3. Let q(c) = c**2 + c - 4. Let a(z) = -4*j(z) - 3*q(z). Let s(b) = -6*b**2 - 24*b - 1. Let i(v) = -11*a(v) - 2*s(v). Give i(7).
2
Let y(f) = f**2 - 6*f + 3. Suppose -16 = -4*x - 3*l, -3*x + 2 = 4*l - 3. Give y(x).
10
Suppose 28 = 5*x - 2. Let j(u) = -2*u - 1 - x*u + u. Suppose -5*m + 136*a + 13 = 132*a, -6 = 3*a. Determine j(m).
-8
Let k(o) = -4*o**3 + 4*o**2 - 7*o + 9. Let c(g) = g**3 + 2*g - 1. Let h(w) = -5*c(w) - k(w). Give h(-3).
-4
Let p(b) = b**2 - 7*b + 12. Suppose -i + 16 = 5*v - 3*v, -5*i = -20. Determine p(v).
6
Let w = -19 - -9. Let m(t) = 6*t**2 + 4*t**2 + 9*t + t**2 - 746*t**3 + 747*t**3 - 9. Give m(w).
1
Let o = 285 + -288. Let i(s) = 1. Let r(a) = -a - 2. Let j(f) = -3*i(f) - r(f). What is j(o)?
-4
Let h(j) = 5*j + 1. Let r(m) = -m**2 - 20*m + 384. Let x be r(12). Calculate h(x).
1
Let t(d) = d + 2. Let q(o) = 1 - 4*o + 3*o**2 + 2 + 4*o**3 + 2*o - 3*o**3. Let n be q(-3). Let g = 13 - n. Give t(g).
6
Let z(p) = -5*p**2 - p. Let o = -13 + 16. Suppose o*f = f + 8. Suppose -x - d = 2*d + 13, f*x - 5*d = 16. Calculate z(x).
-4
Let p(r) = 26*r + 435. Let j be p(-17). Let x(q) = -q**3 - 5*q**2 + 15*q. Calculate x(j).
-7
Let g(u) = 6*u**2 - 6*u**2 + u - 1 + 7*u**3. Let m(f) = 4*f + 81. Let k be m(-20). Calculate g(k).
7
Let d(j) be the second derivative of -j**4/12 + 2*j**3/3 + 2*j. Let r = 29 + -24. Suppose 0 = -2*p + 5*z + 20, -3*p + 7 = r*z - z. Determine d(p).
-5
Suppose 17 = 2*n + 9. Let j(s) = -34 + n*s**3 - 5*s**3 - s + 11. Calculate j(0).
-23
Let n(t) = 8*t**2 + t - 2. Suppose -4*g = 30*g - 34. Determine n(g).
7
Let q(a) be the first derivative of 1/3*a**3 - 3*a**2 + 6 + 0*a. Calculate q(5).
-5
Let v(c) = 10*c + 1. Let l(m) = 52*m + 6. Let t(s) = -2*l(s) + 11*v(s). Give t(-2).
-13
Let k(a) be the first derivative of -11*a**3/6 + a**2/2 - 26*a - 30. Let p(g) be the first derivative of k(g). What is p(-1)?
12
Let t = -65 - -69. Let q(d) = d**3 - d**2 - 4*d + 5. Let o be q(2). Let r(c) = 3*c + o - 4*c + 1. What is r(t)?
-2
Let u(y) = y**3 - y**2 - y. Let q be u(-3). Let f be q/(-3) - (-2 + -2). Suppose f + 5 = -5*o. Let i(b) = b**3 + 5*b**2 + 2*b - 5. What is i(o)?
3
Let p(o) = o + 15*o**2 + 9 + 8*o**3 - 3*o**2 - 7*o**3. What is p(-12)?
-3
Let u(b) = b**3 + 3*b**2 + 4*b - 1. Let y = 1884 + -1886. Calculate u(y).
-5
Let w(f) = f**3 + 5*f**2 - 6*f - 1. Let n be (-3 - (-12)/3)/(-1). Let r = -74 - -69. Let d = r + n. What is w(d)?
-1
Let m = 8 + -6. Suppose m - 2 = -l. Let y(p) = p**2 - 10. Give y(l).
-10
Suppose -3*u + 7 = 2*j, 0*u = -3*u - 3*j + 3. Suppose -7 = u*x - 17. Let h(q) = -5*q - 1. Calculate h(x).
-11
Let o(m) be the first derivative of -m**2/2 - 9*m - 38. What is o(-4)?
-5
Suppose -4*n + 8 = 2*l, -22*l + 26*l = 3*n + 16. Let h(m) be the second derivative of n*m**3 + 1/2*m**2 - m + 1/12*m**4 + 0. Give h(-3).
10
Suppose 0 = 5*g + 4 - 39. Suppose -19 = -g*n + 23. Let t(m) = -m**2 + 6*m + 4. What is t(n)?
4
Let d(m) = -m**2 + 8*m + 5. Suppose 22*v = 21*v + 5. Determine d(v).
20
Let g(v) = 6. Let m(d) = d + 8. Let a(q) = 3*g(q) - 2*m(q). Determine a(-11).
24
Suppose 73 = 25*z - 77. Let o(x) = -x**3 + 6*x**2 + x + 4. Determine o(z).
10
Let h(k) = k**2 - 5*k + 3. Suppose -4*m - 16 = 4*l, -4*l - 10 = 3*m - 3*l. Let j be -5 + 3 + (2 - -1). Let w = j - m. Determine h(w).
-1
Let s(m) = 12*m + 2. Let z = -244 - -245. Let w(f) = f - 1. Let j(y) = 1. Let x(c) = j(c) + w(c). Let u(i) = z*s(i) - 6*x(i). Calculate u(-2).
-10
Let m = 152 - 150. Let u(i) be the first derivative of i**4/4 - i**3 + i**2/2 + 2*i - 24. Determine u(m).
0
Let u = -108 - -200. Let x(t) = 89 - 183 + u + 2*t. What is x(6)?
10
Suppose 9 = v - 4*u, -5*v + 2*u + 97 = 34. Let w(y) = y**3 - y**2 - 5*y - 8. Let b be w(4). Let x = v - b. Let a(m) = 2*m + 3. Determine a(x).
-11
Let p(w) = -w**2 + 11*w - 4. Let k be p(9). Suppose -10*y + k*y = -28. Let s(u) = u**3 + 7*u**2 - u - 6. Give s(y).
1
Let r(a) = a**3 + 7*a**2 + 6*a - 6. Let z be r(-6). Let c(g) be the second derivative of -g**4/12 - 5*g**3/6 - 4*g**2 - 834*g. What is c(z)?
-14
Let d(s) = s - 16. Let b = -333 - -345. Give d(b).
-4
Let r(m) be the first derivative of m**6/120 - m**5/15 + m**3/3 - 5*m**2/2 - 2. Let i(u) be the second derivative of r(u). Determine i(3).
-7
Let t(h) = -h + 28. Let l(b) = -b + 33. Let y(c) = 